{"id":90,"date":"2019-08-14T20:07:21","date_gmt":"2019-08-14T23:07:21","guid":{"rendered":"http:\/\/aguanort.com.ar\/distribuidora\/?page_id=90"},"modified":"2019-09-03T14:11:33","modified_gmt":"2019-09-03T17:11:33","slug":"zonas-de-atencion","status":"publish","type":"page","link":"https:\/\/aguanort.com.ar\/distribuidora\/zonas-de-atencion\/","title":{"rendered":"Zonas de atenci\u00f3n"},"content":{"rendered":"<div class=\"fusion-fullwidth fullwidth-box fusion-builder-row-1 nonhundred-percent-fullwidth non-hundred-percent-height-scrolling\" style=\"background-color: rgba(255,255,255,0);background-position: center center;background-repeat: no-repeat;padding-top:0px;padding-right:0px;padding-bottom:0px;padding-left:0px;margin-bottom: 0px;margin-top: 0px;border-width: 0px 0px 0px 0px;border-color:#eae9e9;border-style:solid;\" ><div class=\"fusion-builder-row fusion-row\"><div class=\"fusion-layout-column fusion_builder_column fusion-builder-column-0 fusion_builder_column_1_1 1_1 fusion-one-full fusion-column-first fusion-column-last\" style=\"margin-top:0px;margin-bottom:0px;\"><div class=\"fusion-column-wrapper fusion-flex-column-wrapper-legacy\" style=\"background-position:left top;background-repeat:no-repeat;-webkit-background-size:cover;-moz-background-size:cover;-o-background-size:cover;background-size:cover;padding: 0px 0px 0px 0px;\"><div class=\"fusion-text fusion-text-1\"><div class=\"n2-has-copy n2-code n2-ss-slider-shortcode-id\"><\/div>\n<p>Actualmente atendemos las localidades de los siguientes partidos:<\/p>\n<ul>\n<li><strong>Vicente L\u00f3pez:<\/strong> todas las localidades.<\/li>\n<li><strong>San Isidro:<\/strong> todas las localidades.<\/li>\n<li><strong>General San Mart\u00edn:<\/strong> Jos\u00e9 Le\u00f3n Su\u00e1rez (parte), Villa Ballester (parte), Villa Hidalgo, Villa Necochea, San Andr\u00e9s (parte).<\/li>\n<li><strong>Tigre:<\/strong> Don Torcuato.<\/li>\n<li><strong>San Fernando:<\/strong> San Fernando, Victoria.<\/li>\n<li><strong>Malvinas Argentinas:<\/strong> Villa de Mayo, Sordeaux, Malvinas Argentinas.<\/li>\n<li><strong>San Miguel:<\/strong> San Miguel (parte).<\/li>\n<li><strong>Jos\u00e9 C. Paz:<\/strong> Jos\u00e9 C. Paz (parte).<\/li>\n<\/ul>\n<\/div><div class=\"fusion-clearfix\"><\/div><\/div><\/div><\/div><\/div>\n","protected":false},"excerpt":{"rendered":"","protected":false},"author":1,"featured_media":0,"parent":0,"menu_order":0,"comment_status":"closed","ping_status":"closed","template":"","meta":{"_joinchat":[],"footnotes":""},"class_list":["post-90","page","type-page","status-publish","hentry"],"_links":{"self":[{"href":"https:\/\/aguanort.com.ar\/distribuidora\/wp-json\/wp\/v2\/pages\/90","targetHints":{"allow":["GET"]}}],"collection":[{"href":"https:\/\/aguanort.com.ar\/distribuidora\/wp-json\/wp\/v2\/pages"}],"about":[{"href":"https:\/\/aguanort.com.ar\/distribuidora\/wp-json\/wp\/v2\/types\/page"}],"author":[{"embeddable":true,"href":"https:\/\/aguanort.com.ar\/distribuidora\/wp-json\/wp\/v2\/users\/1"}],"replies":[{"embeddable":true,"href":"https:\/\/aguanort.com.ar\/distribuidora\/wp-json\/wp\/v2\/comments?post=90"}],"version-history":[{"count":5,"href":"https:\/\/aguanort.com.ar\/distribuidora\/wp-json\/wp\/v2\/pages\/90\/revisions"}],"predecessor-version":[{"id":170,"href":"https:\/\/aguanort.com.ar\/distribuidora\/wp-json\/wp\/v2\/pages\/90\/revisions\/170"}],"wp:attachment":[{"href":"https:\/\/aguanort.com.ar\/distribuidora\/wp-json\/wp\/v2\/media?parent=90"}],"curies":[{"name":"wp","href":"https:\/\/api.w.org\/{rel}","templated":true}]}}